2?
20202111
In base 8, what is 1214 - 33?
1161
In base 7, what is 4 + -2636542?
-2636535
In base 2, what is 110101 - 100100101000?
-100011110011
In base 14, what is -12 + 10b7?
10a5
In base 15, what is 174 + -80?
e4
In base 4, what is 300 + 3003012?
3003312
In base 3, what is -201002010011 - -10?
-201002010001
In base 5, what is 0 + 1001441?
1001441
In base 3, what is -12021121 - 102?
-12022000
In base 5, what is 4400 + 10143?
20043
In base 11, what is 0 - -2a2129?
2a2129
In base 13, what is 1a3 - 3c8?
-225
In base 7, what is 462423 - 25?
462365
In base 6, what is 2534305 + -1?
2534304
In base 16, what is b7 - 461?
-3aa
In base 9, what is -1 + -163626?
-163627
In base 7, what is -202 + 105?
-64
In base 4, what is -123 - 2120122?
-2120311
In base 4, what is -3330 - -11231?
1301
In base 2, what is -11110 - 100010010110?
-100010110100
In base 14, what is -27 + -271?
-298
In base 16, what is -2 + a7be5?
a7be3
In base 2, what is -10 - 100111110100110010010?
-100111110100110010100
In base 16, what is -28c6 - -1d?
-28a9
In base 7, what is 1 - 54223?
-54222
In base 11, what is -3 + -a901?
-a904
In base 15, what is 54e + bc?
61b
In base 13, what is 15 + 5?
1a
In base 16, what is 18215 + -8?
1820d
In base 7, what is 46 + -162055?
-162006
In base 3, what is -11202010 - -1201?
-11200102
In base 4, what is -201 - -31122?
30321
In base 4, what is 1213122 + 23?
1213211
In base 15, what is 44ac5 - 18?
44aac
In base 8, what is -1 - -46163?
46162
In base 16, what is -10 + 2f5?
2e5
In base 5, what is 401120 - 2?
401113
In base 11, what is -124 - 52?
-176
In base 8, what is -1206 - -1014?
-172
In base 15, what is 49 - 739?
-6e0
In base 4, what is 21021 + -220233?
-133212
In base 12, what is a3 - -17?
ba
In base 10, what is 5 + 1393703?
1393708
In base 13, what is -138ba - -6?
-138b4
In base 11, what is 3 - -22a66a?
22a672
In base 8, what is -1235 - -2?
-1233
In base 6, what is 0 - -131543?
131543
In base 2, what is 10100001111101 + -10?
10100001111011
In base 8, what is -2317 - -20?
-2277
In base 7, what is -50004 - 14?
-50021
In base 5, what is -10 - 10243224?
-10243234
In base 11, what is -42 + -11478?
-1150a
In base 9, what is -8 - -524?
515
In base 15, what is -3 - -7e1?
7dd
In base 12, what is -4936 - -1?
-4935
In base 12, what is 5 - -106389?
106392
In base 14, what is 82 + -3d2?
-350
In base 2, what is 10000 - 10011000110011111?
-10011000110001111
In base 9, what is -2 + 35762?
35760
In base 14, what is -1b - 485d1?
-4860c
In base 15, what is -67 - -250c?
2495
In base 2, what is -11011 - 1001010110?
-1001110001
In base 15, what is 32550 - -5?
32555
In base 3, what is 122022 - 111211?
10111
In base 8, what is 122264 + 77?
122363
In base 6, what is -115101333 - 5?
-115101342
In base 13, what is -6268 - -2?
-6266
In base 14, what is -163c + -8?
-1646
In base 7, what is 11441562 + 1?
11441563
In base 3, what is -2 - -1112020202?
1112020200
In base 4, what is 1231000 - -110?
1231110
In base 11, what is -1541 + 1a?
-1522
In base 4, what is -330333 - -1?
-330332
In base 2, what is -11011 + 111101001000?
111100101101
In base 6, what is -1000 - 30312?
-31312
In base 16, what is 301 - -98?
399
In base 10, what is -120 + 10?
-110
In base 13, what is -49c0 - -7?
-49b6
In base 4, what is -13331223111 - 1?
-13331223112
In base 9, what is -10 + -336650?
-336660
In base 4, what is -11 + 1330210?
1330133
In base 15, what is -5 + -137?
-13c
In base 14, what is 1ca5 - 5?
1ca0
In base 5, what is -13044343 + 24?
-13044314
In base 10, what is -407 - -8240?
7833
In base 5, what is -24 - -2121401?
2121322
In base 6, what is 22552033 - 3?
22552030
In base 10, what is -292 - -108?
-184
In base 6, what is -54020 + -1?
-54021
In base 10, what is -5 - -21774?
21769
In base 3, what is 202 + -1220110?
-1212201
In base 2, what is -101010111100100000 + 1000?
-101010111100011000
In base 4, what is 12101030 - -202?
12101232
In base 10, what is 133 - 842?
-709
In base 16, what is 11b0 - 5?
11ab
In base 3, what is 100112112 - 12?
100112100
In base 10, what is 2 + -159735?
-159733
In base 9, what is -6668 - 317?
-7086
In base 12, what is -1 + -474a4?
-474a5
In base 10, what is -143 + 11322?
11179
In base 11, what is -19163 + -5?
-19168
In base 16, what is 9 + -baf?
-ba6
In base 4, what is -112121330 - 0?
-112121330
In base 3, what is 1022020122 - -10?
1022020202
In base 7, what is 456212 + -55?
456124
In base 13, what is 180b4 - -9?
180c0
In base 7, what is -33 + -365245?
-365311
In base 13, what is 2 + 9b47?
9b49
In base 15, what is 16a7 - -74?
172b
In base 11, what is -450 - 96?
-536
In base 13, what is 4 - -14611?
14615
In base 16, what is 101999 + 1?
10199a
In base 6, what is 1322 + -145?
1133
In base 16, what is 4 + abf73?
abf77
In base 14, what is 3 - -348a69?
348a6c
In base 5, what is -2 + -1210111?
-1210113
In base 7, what is -56561 - 126?
-60020
In base 4, what is -3 - 301110003?
-301110012
In base 9, what is -15 + -473?
-488
In base 2, what is -10101011 + 1000?
-10100011
In base 2, what is 11101 + 11010100001110?
11010100101011
In base 9, what is 0 - -1106473?
1106473
In base 15, what is 4263 + 1?
4264
In base 7, what is 4 - 164304?
-164300
In base 15, what is -2 - 1731e6?
-1731e8
In base 11, what is 53009 - 1?
53008
In base 6, what is -3 - -132013?
132010
In base 2, what is -111110111 - 1111010?
-1001110001
In base 3, what is -11 + -110222112221?
-110222120002
In base 11, what is -5 + -15076?
-15080
In base 15, what is 79c8 - 2?
79c6
In base 9, what is 5126 + -14?
5112
In base 15, what is -1832d0 - 1?
-1832d1
In base 3, what is 21110121 - 10?
21110111
In base 11, what is -132 + 126?
-7
In base 10, what is 17921 + 1?
17922
In base 6, what is -433 - -1150?
313
In base 4, what is 11 + -10111122?
-10111111
In base 10, what is 26 - -14?
40
In base 8, what is -145721 - 4?
-145725
In base 10, what is -3 + -218?
-221
In base 2, what is -1011111 - 1011?
-1101010
In base 7, what is 110 + -154112?
-154002
In base 9, what is -24464 + 18?
-24445
In base 2, what is 1110 + -1011100110101?
-1011100100111
In base 16, what is -69d41 - -2?
-69d3f
In base 14, what is -d1 - 415?
-506
In base 7, what is -231 - 3444?
-4005
In base 10, what is -444 - -2937?
2493
In base 11, what is -3296 - -763?
-2633
In base 10, what is 51727 + 18?
51745
In base 15, what is b93e + 13?
b952
In base 14, what is -5 - b400?
-b405
In base 15, what is -232b - 3?
-232e
In base 8, what is -11 + -35712?
-35723
In base 13, what is a05 + 4?
a09
In base 9, what is 2 + 13602?
13604
In base 12, what is -1905 - -238?
-1689
In base 11, what is 2 + 170668?
17066a
In base 8, what is 4 - -26207?
26213
In base 8, what is -2 - 5654?
-5656
In base 6, what is -5 - -533232?
533223
In base 9, what is 27474 - -14?
27488
In base 8, what is -73 + -2102?
-2175
In base 12, what is -17064 - 5?
-17069
In base 13, what is 5 + 55bb3?
55bb8
In base 11, what is -17 - -2774?
2758
In base 12, what is 49 - -2565?
25b2
In base 12, what is -460b17 - 2?
-460b19
In base 5, what is -4333 - -2443?
-1340
In base 4, what is -32 + 122210230?
122210132
In base 3, what is -12 - -1021220221?
1021220202
In base 3, what is -220212 - 11020211?
-12011200
In base 2, what is -11010 - 1010100011001?
-1010100110011
In base 8, what is 7 - 65174?
-65165
In base 8, what is 440 + 6773?
7433
In base 14, what is 125a04c + -3?
125a049
In base 7, what is -16 + 5334?
5315
In base 14, what is -99 - 435?
-4d0
In base 2, what is 1110000 - 10111100100?
-10101110100
In base 2, what is 1011111001001011001 + 1?
1011111001001011010
In base 9, what is 55782 + -11?
55771
In base 13, what is -1a6 - 3b?
-214
In base 16, what is -b42 - 16?
-b58
In base 3, what is -2 - 10002020211?
-10002020220
In base 2, what is 100 + -10001011110000101?
-10001011110000001
In base 11, what is -80 - 751?
-821
In base 5, what is 1044 + 142?
1241
In base 14, what is -4 + -573a6?
-573aa
In base 2, what is -1110011 - 110100000?
-1000010011
In base 7, what is -241 + 226432?
226161
In base 14, what is -23dc - -4?
-23d8
In base 16, what is 355 + -d?
348
In base 15, what is -17ad3 - 2?
-17ad5
In base 3, what is -1221110 - -101102?
-1120001
In base 9, what is -1010 - 116?
-1126
In base 14, what is b06 + -b2?
a34
In base 15, what is 1 + 732e?
7330
In base 15, what is -5 - -75611?
7560b
In base 8, what is 13065 - -1720?
1500